2, 3
Let z(h) = 2*h**2 - 4*h + 29. List the prime factors of z(-7).
5, 31
Let c be (-14)/(-3) + 1/3. Let i(j) = -j**3 - 4*j**2 - 5*j - 4. Let d(p) = p**3 + 3*p**2 + 4*p + 3. Let f(k) = c*d(k) + 4*i(k). List the prime factors of f(2).
3
Let j(l) = 114*l**2 + 2*l - 1. Let a be j(1). Let y = a + -79. Suppose 5*w - y - 39 = 2*r, r = 3*w - 44. What are the prime factors of w?
13
Suppose -4*j - 2*u + 1 + 5 = 0, -u + 5 = 3*j. Suppose 0 = -j*x + 2 + 2. List the prime factors of (x + 4)*(4 + -2).
2, 3
Let d(r) = -r**2 + 5*r + 5. Let k be d(5). Let t = -26 + 29. Suppose -k*s - t + 12 = -2*z, 35 = 5*z - s. List the prime factors of z.
2
Let d(i) = i**2 + 8*i - 10. Let m be d(-9). Let s be 2*1/(-2)*m. Let l(j) = 5*j. What are the prime factors of l(s)?
5
Suppose -15 = 6*n - 1335. Suppose 8*g - n = 4*g. What are the prime factors of g?
5, 11
Let i(m) = -19*m + 1. List the prime factors of i(-2).
3, 13
Suppose 0 = -0*s - 5*s - 40. List the prime factors of 0 - (1 + -4) - s.
11
Let x = -46 - -91. List the prime factors of x.
3, 5
Suppose 0 = -3*x - 5*v - 15, -2 = -5*x + v + 1. Let p = -1 - -7. Suppose -d + x = -p. What are the prime factors of d?
2, 3
Suppose -2*h = -0*h. Suppose -3*l = -h*u + u - 74, -5*u - 105 = -4*l. List the prime factors of l.
5
Let y = 13 + 16. List the prime factors of y.
29
Suppose -5*w + 0*w = -300. Suppose -d = -5*d + w. What are the prime factors of d?
3, 5
Suppose 5*t - 444 = 3*x, 3*t + 0*x - 4*x - 262 = 0. Suppose -3*l + t = 2*l. List the prime factors of l.
2, 3
Suppose 0 = 3*m - j - 226, -102 = -m - 4*j - j. Suppose 17*n - 20*n + 15 = 0. Suppose -4*p - 21 = -5*p + 2*x, m = n*p - 3*x. List the prime factors of p.
13
Suppose -4*c = -5*w - 8, 3*w + 0*c = -4*c + 8. Suppose -4*m - 11 - 65 = w. Let u = -12 - m. List the prime factors of u.
7
Let f be ((-2)/3)/((-3)/(-36)). Let y(n) = n**2 + 5*n + 8. What are the prime factors of y(f)?
2
Let m = 1 + 43. What are the prime factors of m?
2, 11
Suppose -2*s + 2*f + 286 = 0, -2*f = 4*s - 323 - 231. What are the prime factors of s?
2, 5, 7
Suppose -4*v = 4*k - 35 - 85, -5*v + 190 = -3*k. List the prime factors of v.
5, 7
Suppose -7 - 3 = 2*y. Let u(h) = -h**3 - 4*h**2 - 7. What are the prime factors of u(y)?
2, 3
Let c(v) be the second derivative of v**4/12 - v**3 - v**2 + 3*v. Let o be c(-8). Suppose -2*t + 7*t - o = 0. What are the prime factors of t?
2, 11
List the prime factors of 4/5 + 491/5.
3, 11
Suppose 0*p - 252 = -6*p. What are the prime factors of p?
2, 3, 7
What are the prime factors of (-15)/(-30) + 178/4?
3, 5
Suppose 4*m = -6 - 10. Let a = 6 + m. What are the prime factors of a/6*(23 + -2)?
7
Suppose 1 = 4*n + 3*b - 2, 0 = 2*n + 3*b + 3. Let r be (0 - -12)*1/n. What are the prime factors of 9/1 + r/2?
11
Let i be (-284)/(-18) - 6/(-27). Suppose i = 5*b - 4*b. List the prime factors of b.
2
Suppose -3*u + 8 = -4*u. Let j be 0 + -1 + 5 + 5. What are the prime factors of (j/4)/((-2)/u)?
3
Let i be 152/20 + (-4)/(-10). Suppose -2*y + 6*y + i = 0. What are the prime factors of 1/((-3)/12*y)?
2
Let k = 4 - 0. Let j(z) = 2*z - 4. What are the prime factors of j(k)?
2
Let b(m) = -13*m**3 - 2*m**2 - m + 1. Let n be b(-1). Let v be (-2)/(-4)*(-2 - 2). Let d = v + n. List the prime factors of d.
11
Let v(z) = z. Let b be v(5). Suppose 2*s - 18 = -2*i, -2*s - b = -3*i + 2. List the prime factors of s.
2
Let d(o) = -7 + o + 1 + 0*o. Let k be d(5). List the prime factors of (-5)/15*(k + -65).
2, 11
Let k be (34/6 - 0)*3. Let b = k + -6. Suppose 2*p + 9 = 4*q - b, -2*p = -4. What are the prime factors of q?
2, 3
Let j(k) = k**2 + 5*k - 4. Let f be j(-6). Let a = 40 - 64. List the prime factors of (-25)/f*a/20.
3, 5
Suppose -p + y - 6*y = -52, -258 = -4*p + 5*y. Suppose -14 - p = -4*s + 5*h, 3*s - 3*h = 54. What are the prime factors of s?
2, 7
Let x = 483 - 322. List the prime factors of x.
7, 23
Let c(o) = 2*o**2 - 2*o - 2. Let j be c(2). Suppose -2*m + 56 = j*m. What are the prime factors of m?
2, 7
Let v = -114 + 255. What are the prime factors of v?
3, 47
Suppose 2*y = -3*m + 212, -m - 143 = -3*m - y. What are the prime factors of m?
2, 37
Suppose 4*o - o - 34 = -2*s, 4*o + 2*s - 44 = 0. Suppose 0 = -3*l - 5*y - o + 34, 3*y - 12 = -l. Let b(w) = 2*w**2 - 3*w + 3. List the prime factors of b(l).
2, 3
Let x = -100 - -232. List the prime factors of x.
2, 3, 11
Let p be 2/(-1 - (-18)/16). Suppose -3*v + 134 = -p. Suppose -x - 14 = -t, -5*t + 8 + v = -2*x. What are the prime factors of t?
2, 5
Suppose 4*k + 330 = -34. Let a = k - -145. What are the prime factors of a?
2, 3
Suppose 4*u - i - 3*i = 164, 2*i + 120 = 3*u. List the prime factors of u.
2, 19
Let q = -6 - -3. Let w(f) = f**3 + 6*f**2 + 3*f. What are the prime factors of w(q)?
2, 3
Suppose 6*n - 2*n + 4*j = -8, -28 = -4*n + 5*j. Suppose 730 = -5*l - 4*r - r, -5*r + 306 = -n*l. What are the prime factors of l/(-20) - 6/(-10)?
2
Let z(k) = 2*k**2 - 13*k - 7. What are the prime factors of z(10)?
3, 7
Suppose -a = 2*a - f - 25, 31 = 3*a + 2*f. Let g be (-8)/16 - (-23)/2. Let x = g - a. List the prime factors of x.
2
Let o(r) be the third derivative of r**4/8 - 11*r**3/6 - r**2. Let y be o(9). Let c = y + -6. What are the prime factors of c?
2, 5
Let f(c) = -19*c + 21. What are the prime factors of f(-11)?
2, 5, 23
Suppose -69 = -l + 4*x + 44, -2*x = 3*l - 283. List the prime factors of l.
97
What are the prime factors of 105/6 + 1/2?
2, 3
Let n be (-45)/(-6)*2/3. Let m = n + -3. Let g = 9 + m. List the prime factors of g.
11
Suppose g = -0*g + 7. Let p = -2 + g. List the prime factors of p.
5
Let q(w) = -w**2 - 9*w + 8. Let r be q(-10). List the prime factors of ((-3)/(-4) - r)*16.
2, 11
What are the prime factors of (-2 + 1)/(((-28)/300)/7)?
3, 5
List the prime factors of -1*(-1278)/14 + (-20)/70.
7, 13
Suppose 3*i = b - 0*i - 28, -3*i + 20 = 2*b. Suppose -2*c + g = b, -c - 4*g = -9*g + 26. Let p(a) = a**2 + 6*a + 6. List the prime factors of p(c).
2, 3
Let z(k) = -5*k - 7. Let j(r) = 9*r + 13. Let x(v) = -6*j(v) - 11*z(v). Let n(p) = 2*p + 10. Let g(u) = n(u) - 3*x(u). What are the prime factors of g(0)?
13
Let q = 6 + -8. Let t be (-41)/q*(-4)/2. Let r = -27 - t. List the prime factors of r.
2, 7
Suppose 5*p - 70 = -3*w, 101 - 21 = 4*w + 4*p. What are the prime factors of w?
3, 5
Suppose 24*w - 29*w + 35 = 0. What are the prime factors of w?
7
What are the prime factors of (-6)/2 + 3 - -38?
2, 19
Suppose 18*o - 20*o + 76 = 0. What are the prime factors of o?
2, 19
Let q(k) = k - 2. Suppose 0 = j - 15 - 10. Suppose 4*i = -i + j. What are the prime factors of q(i)?
3
Suppose 4*n + 3*o = o, n - 10 = 2*o. Suppose -128 = -r - 2*r + j, j + 170 = 4*r. What are the prime factors of (n/6)/(2/r)?
7
Let g(x) = 2*x**2 + 16*x - 15. Let q be g(-13). Let m = -67 + q. List the prime factors of m.
2, 3
List the prime factors of (29/((-1450)/60))/(1/(-115)).
2, 3, 23
Let f = -33 + 79. Suppose f + 20 = 3*p. What are the prime factors of p?
2, 11
Let l be (-4)/(8/6) - 1. Suppose -4*h + 3*h = -13. Let u = h + l. What are the prime factors of u?
3
Suppose 29 = -3*g - 4. Let f = g + 18. What are the prime factors of f?
7
Suppose 4*h + 12 = 0, -n - 10 + 95 = 3*h. What are the prime factors of n?
2, 47
Suppose r - 5*r + 44 = 0. List the prime factors of r.
11
Let y be (-2)/(-3)*(-204 + 0). List the prime factors of 1/5 - y/20.
7
Suppose -5*y = -27 + 2. Let u = y + -3. Suppose -t = -u*t + 10. List the prime factors of t.
2, 5
Suppose 3*o = 2*o + 3. Let v(z) = 15*z + 5. What are the prime factors of v(o)?
2, 5
Let n(c) = 5*c - 2. Let w be n(5). Suppose -5*v = a - 47, -3*v - 50 = -4*a + w. Suppose 5*d - a = 13. What are the prime factors of d?
7
Let c(y) = y**3 - 5*y**2 - 5*y + 3. Suppose i - 21 = -4*u, 8 = -u - 4*i + 2. What are the prime factors of c(u)?
3
Let n = 0 - -4. Suppose 32 = 4*c + 3*i, -3*i + 40 = n*c - 2*i. What are the prime factors of c?
11
Let i be (9/3)/(1 - 2). Let q be (-14)/(-6) - (-1)/i. Suppose 16 = q*g - g. What are the prime factors of g?
2
What are the prime factors of 169 + -24 - ((-4)/(-2) - -1)?
2, 71
Suppose 8*t = 3*t + 15. Let o(d) = -11*d**2 + 6*d - 5 + d**t + 2*d + 3*d. List the prime factors of o(10).
5
Let p be (-18)/21*(-7)/2. Suppose p*y - y = 112. What are the prime factors of y?
2, 7
Suppose 3*p - 45 = -6. Suppose -4